. Let t be (-27)/36 + 30/8. Let h(i) = 4*i**2 - t + 2*i + 26*i**3 - 15*i**3 - 10*i**3. Give h(p).
-11
Let m = 119 - 116. Let v(u) = m*u + 6 + 6 - 10 - 4*u. Let w(i) = -i**2 - i + 3. Let x be w(0). What is v(x)?
-1
Suppose 5*c = y + 2*y - 8, c = -3*y + 2. Let u(a) = 2*a**3 - a**2 + 4*a - 3. What is u(y)?
2
Suppose 131*b = -118*b - 36105. Suppose 0 = 3*g + g - 560. Let w = b + g. Let x(d) = d - 2. Give x(w).
-7
Let u(m) = 6*m**2 - 5*m + 3. Let j(q) = -q**2 - 1. Let k(z) = -5*j(z) - u(z). Suppose 2*o - 3*i = -2*i + 6, 0 = -5*o + 5*i + 15. Let g = o - -2. What is k(g)?
2
Let c(r) = 4*r - 1. Let w(z) = -12*z - 64. Let l be w(-20). Let g = 180 - l. Calculate c(g).
15
Let t(k) = 86*k + 519. Suppose 0 = 23*d + 68 + 70. Determine t(d).
3
Let c = -28 - -32. Suppose -4*l - c = 0, 2*d = 7*d - 3*l - 28. Let r(o) = -1 + d*o**2 - o**2 - 6*o**2 - 10*o**2 + 2*o. What is r(1)?
-11
Let w(p) be the first derivative of 3*p**2/2 + 5*p - 1619. Determine w(4).
17
Let m(p) = 2162*p - 29 + 2159*p - 4319*p. Determine m(-9).
-47
Let u(d) = d + 14. Let r be ((56 + -56)/(2 - 1))/3. What is u(r)?
14
Suppose 19 = -4*g + 11. Let w be ((0/g)/2)/(-1 - 0). Suppose -n - n - s - 11 = w, n + 16 = -4*s. Let o(a) = 2*a + 6. What is o(n)?
-2
Let l = 5 + -3. Let u(o) be the first derivative of o**5/20 - o**4/3 + o**3/2 - o**2/2 + 38*o - 37. Let z(q) be the first derivative of u(q). What is z(l)?
-3
Let z(n) = -n**2 + 17*n - 21. Let k(w) = -w**3 - 36*w**2 - 69*w - 20. Let s be k(-34). Determine z(s).
21
Let i = -5 - -5. Let d(h) = -4*h**2 + 13*h**2 + 0*h**2 - 54032 + 54016 - 6*h**2 - 2*h**2. Give d(i).
-16
Let k(w) = 9738*w - 24 + 28*w**3 - 9752*w - 27*w**3 - 15*w**2. Give k(16).
8
Let i(w) be the second derivative of -w**5/40 + w**4/6 + 3*w**3/2 - 21*w + 4. Let n(c) be the second derivative of i(c). Give n(-2).
10
Let g = 38 + -36. Let y(w) = -g - w + 2 + 7*w - 5. Let j(q) = -4*q + 3. Let a(h) = -8*j(h) - 5*y(h). Calculate a(1).
3
Let m(c) = -c**3 + 10*c**2 + 12*c + 1. Let y(o) = o**2 + 151*o + 5627. Let h be y(-84). Determine m(h).
0
Let p(t) = -2*t**3 + 12*t**2 - t + 4. Suppose 0 = 50*a + 138 - 438. Calculate p(a).
-2
Let p(n) be the third derivative of -n**4/8 + 7*n**3/6 - 812*n**2. Calculate p(-4).
19
Let c(v) = 2*v. Suppose -13 = 5*q + 37. Let w be 10*q/(-100) + 2 + 0. What is c(w)?
6
Let y(r) = -7*r + 1. Suppose -5*w + 237 - 47 = 0. Let n = -34 + w. Suppose -m + 3 = -n*m. Determine y(m).
8
Let c(d) be the second derivative of d**5/15 + d**4/6 + 107*d**3/6 - d + 29. Let j(b) be the second derivative of c(b). Determine j(-2).
-12
Let g(m) = m**3 - 3*m**2 - 3*m + 3. Let c(l) = -4*l**2 + 5*l - 12. Let b = 108 - 106. Let r be c(b). Let s = 22 + r. What is g(s)?
7
Let i(c) be the second derivative of 3*c**5/20 - c**4/3 + c**3/2 - 2251*c. Calculate i(2).
14
Suppose -27*o + 105*o + 156 = 0. Let u(a) be the first derivative of -5*a**3/3 + 3*a**2/2 + a - 27. Calculate u(o).
-25
Let x be (-41)/(-41) - (-2 + 13). Let w(f) = f**3 + 11*f**2 + 12*f + 21. Give w(x).
1
Let f be -9 - 9/54*-6. Let v(m) = -m**3 - 8*m**2 - 7. What is v(f)?
-7
Let t(d) = 82*d - 256*d + 84*d + 22 + 85*d. What is t(3)?
7
Let g(s) be the second derivative of -s**4/12 - 2*s**3/3 - 3*s**2/2 - 7*s. Suppose -5*a + 11 = -j, -2*a = 38*j - 39*j - 2. Give g(j).
-35
Let j be (-172)/(-86)*(22/1 - 0). Let o(a) = 14*a - a**3 - j + 117 - 2*a**2 - 59 - 2*a**2. Determine o(-6).
2
Suppose 0 = -489*i + 488*i - 6. Let s(h) = -32*h - 186. Determine s(i).
6
Let y(x) = x + 7. Let l(w) be the second derivative of -w**3/2 - 17*w**2 - w + 5. Let o be l(-8). What is y(o)?
-3
Suppose -5*j - 135 = -3*b - 69, 0 = -4*j - 3*b - 15. Let h(m) = -2*m - 2. Let v(n) = -n - 1. Let p(k) = -h(k) + 3*v(k). Calculate p(j).
8
Let u = 4538 + -4545. Let a(o) = o**3 + 7*o**2 - 8*o - 25. Calculate a(u).
31
Let j(y) = y**2 - 14*y + 7. Let w be (-78)/(-52)*(-4)/(-6). Let v be (-3)/(18/6) - (w - 15). Give j(v).
-6
Let t(v) be the third derivative of -v**4/6 + 21*v**3/2 - 385*v**2 - 2*v. What is t(16)?
-1
Suppose -257 - 142 = -7*d. Suppose 20*u - d - 23 = 0. Let l(s) = 1 + 0*s + s - 3. Determine l(u).
2
Let q(k) = 28*k - 21*k - 35*k - 17*k - 3. Give q(2).
-93
Let u(i) = 9*i**2 - 8*i**2 - 11*i**3 - 48 - 11*i**2 + 12*i**3 + 14*i. What is u(9)?
-3
Let l(o) = 4*o - 12. Let d(z) = -20*z + 56. Let g(k) = -3*d(k) - 16*l(k). Determine g(4).
8
Suppose -5*g - y = 80, -95*g + 92*g - 76 = -5*y. Let r(h) = 3*h**2 + 59*h + 131. Determine r(g).
-5
Let r be 2/4 - (-2 + (-25)/(-10)). Let u(z) = 2*z - 49*z**2 + 91*z**2 - 45*z**2 + z**3 - 2 + r*z**3. Calculate u(2).
-2
Let v(r) = -4*r - 28. Let c(b) = 12*b**2 - 24*b + 1. Let n be c(1). What is v(n)?
16
Let k be ((-166)/(-166))/(3/18). Let w = 9 - 4. Let y(h) = -w + 0*h**3 - 11*h**2 + h**3 + 4*h**2 + 7*h. What is y(k)?
1
Let r(g) = -25*g + 6. Let k(c) = -49*c + 17. Let h(z) = 2*k(z) - 5*r(z). What is h(-2)?
-50
Suppose -6*o + 25*o - 78 = -20*o. Let s(b) be the third derivative of 0*b + 0 + 5/6*b**3 + 3*b**o + 1/24*b**4. Determine s(-6).
-1
Let f(k) = 3*k**2. Let g(r) = r**2 - r. Let s be g(1). Let x = s - -7. Let i(o) = -o**2 + 8*o - 8. Let t be i(x). Determine f(t).
3
Suppose 5*d - 2*i + 20 = 0, 2*i + 11 = -d + i. Let s(u) = -2235*u - 7. Let x(v) = -2458*v - 7. Let f(w) = -11*s(w) + 10*x(w). Determine f(d).
-23
Let i(m) = 3*m**3 + 2. Let b be i(1). Let d(w) = 2*w + 3 + 0 - w - b. What is d(-8)?
-10
Suppose 32*c + 17*c = 51*c - 4. Let d(w) = -10*w - 5. Determine d(c).
-25
Suppose -7 = 4*z - 3*z. Let g(y) = -3*y**3 + 2*y**2 - 8*y - 22. Let d(j) = 4*j**3 - j**2 + 8*j + 25. Let f(s) = 4*d(s) + 5*g(s). Calculate f(z).
-3
Let o(l) = l**2 + 22*l - 167. Let y be o(6). Let v(z) = 24*z**2 - 2*z + 1. Determine v(y).
23
Let r(a) = -6*a**2 + a - 1. Let c be 12/(-15) - -1 - (-32019)/(-195). Let k = c + 166. What is r(k)?
-23
Let x be (8 - -2)/(-2)*1. Suppose -3*i - 3 - 30 = 0. Let s(y) = -2*y**2 - 10*y - 23. Let u(f) = f**2 + 5*f + 12. Let l(k) = i*u(k) - 6*s(k). Give l(x).
6
Let g(f) = -f**2 + 6*f + 1. Suppose l = -y + 18, -5*y + 2*l + 34 = -91. Let j = -17 + y. Suppose -2*q = m - j, 3*q + 30 = m + 4*m. Determine g(m).
1
Let j be 1/(-2) + (-15)/(-2). Suppose j*s - 14*s = -42. Suppose -3*f = -0*f + s. Let k(x) = 3*x - 1. What is k(f)?
-7
Let w(b) be the third derivative of b**5/60 + 3*b**4/4 + 28*b**3/3 + 10*b**2 + 30. Determine w(-16).
24
Let h(c) = -c**2 - 42*c - 213. Let v be h(-6). Let a(j) = 5*j**2 - 4 + 13 - v*j - 7 - 3 - 1 - j**3. Determine a(4).
2
Let u(k) = k - 1. Let i(j) = 9 - 6 + j - 1 - 4. Let y(g) = -i(g) - u(g). Calculate y(6).
-9
Let l(a) = a**2 - 2*a - 1. Let p be 129/(-43) + (7 - -4). Calculate l(p).
47
Let j(v) = -81*v + 321. Let u be j(4). Let d(o) = -4*o**2 + 5*o + 6. Determine d(u).
-45
Let a be (-5 - 0 - -9) + 199. Suppose 0 = -4*w - a + 167. Let d(g) = g + 9. Calculate d(w).
0
Let b = 82 - 52. Let z(h) = -2*h + 13 + 17 - b. Let p be (-3)/((84/8)/7)*-1. Determine z(p).
-4
Let s(f) = -f - 2. Let u(d) = -2*d**2 + 10*d + 3. Let z be u(5). Let j = -9 + z. Let q(h) = h**2 + 8*h + 19. Let y be q(j). Determine s(y).
-9
Let n be -1 + -1 + -2 - -8. Let f(i) = -i**3 + 8*i**2 - 17*i + 6. Let b be f(n). Let o(z) = 4 - 3*z - 3*z**2 + 6*z - z + 2*z**b. Calculate o(-3).
-11
Let a(z) = -3*z**3 + 26*z**2 - 2*z - 22. Let w(n) = -2*n**3 + 14*n**2 - n - 12. Let v(k) = -3*a(k) + 5*w(k). Give v(-8).
-2
Let h(z) = -63*z - 1313. Let o be h(-21). Let y(k) = 7 + k - 9 - 3. Give y(o).
5
Let w = 8 + -13. Let f(j) be the first derivative of j**4/2 - 182. Let b(p) = 7*p**3 + 4*p**2 - 6*p + 2. Let v(k) = -b(k) + 3*f(k). What is v(w)?
-7
Suppose i + 3*i = -3*n + 22, 0 = -4*i + 16. Let u be 2 - n - 2/(0 - 1). Let r(w) = 2*w - 1. Determine r(u).
3
Let d(z) be the second derivative of 27*z - 13/12*z**4 - 2 - 11/6*z**3 - 1/20*z**5 + 4*z**2. Determine d(-12).
-4
Let d(t) be the second derivative of -1/3*t**4 - 2*t**2 - 1/20*t**5 - 9*t - t**3 - 9. Suppose w = 5*k + 22, -2*k + 4*w - 4 = 12. What is d(k)?
20
Let y(v) = 6*v**3 - 4*v**2 + 5*v - 4. Let x be y(2). Let z(k) = 20*k + 12*k + 10*k - 2 - x*k. Determine z(3).
10
Let i(d) = d**3 - 48*d - 4. Let n be i(7). Let q(k) = 3*k**2 - 7*k**3 - n*k**2 - 763 + 762. Let m be (-2)/3 - (-1)/(-3). Calculate q(m).
6
Suppose -2*i = 2*a + 2*i - 26, -5*i + 40 = 5*a. Let z(b) = 2*b + 0*b**2 + 4*b**3 + 123 + 3*b**2 - a*b**3 - 12